{"version":"1.0","provider_name":"NAF \u2013 Neunkirchener Achsenfabrik","provider_url":"https:\/\/www.nafaxles.com\/de\/","author_name":"Martina Dicker","author_url":"https:\/\/www.nafaxles.com\/de\/author\/martina-dicker\/","title":"Erfolgreiche Teil-Er\u00f6ffnung des NAF-Forums - NAF \u2013 Neunkirchener Achsenfabrik","type":"rich","width":600,"height":338,"html":"<blockquote class=\"wp-embedded-content\" data-secret=\"oBnniQ8xEm\"><a href=\"https:\/\/www.nafaxles.com\/de\/erfolgreiche-teil-eroeffnung-des-naf-forums\/\">Erfolgreiche Teil-Er\u00f6ffnung des NAF-Forums<\/a><\/blockquote><iframe sandbox=\"allow-scripts\" security=\"restricted\" src=\"https:\/\/www.nafaxles.com\/de\/erfolgreiche-teil-eroeffnung-des-naf-forums\/embed\/#?secret=oBnniQ8xEm\" width=\"600\" height=\"338\" title=\"&#8222;Erfolgreiche Teil-Er\u00f6ffnung des NAF-Forums&#8220; &#8211; NAF \u2013 Neunkirchener Achsenfabrik\" data-secret=\"oBnniQ8xEm\" frameborder=\"0\" marginwidth=\"0\" marginheight=\"0\" scrolling=\"no\" class=\"wp-embedded-content\"><\/iframe><script type=\"text\/javascript\">\n\/* <![CDATA[ *\/\n\/*! This file is auto-generated *\/\n!function(d,l){\"use strict\";l.querySelector&&d.addEventListener&&\"undefined\"!=typeof URL&&(d.wp=d.wp||{},d.wp.receiveEmbedMessage||(d.wp.receiveEmbedMessage=function(e){var t=e.data;if((t||t.secret||t.message||t.value)&&!\/[^a-zA-Z0-9]\/.test(t.secret)){for(var s,r,n,a=l.querySelectorAll('iframe[data-secret=\"'+t.secret+'\"]'),o=l.querySelectorAll('blockquote[data-secret=\"'+t.secret+'\"]'),c=new RegExp(\"^https?:$\",\"i\"),i=0;i<o.length;i++)o[i].style.display=\"none\";for(i=0;i<a.length;i++)s=a[i],e.source===s.contentWindow&&(s.removeAttribute(\"style\"),\"height\"===t.message?(1e3<(r=parseInt(t.value,10))?r=1e3:~~r<200&&(r=200),s.height=r):\"link\"===t.message&&(r=new URL(s.getAttribute(\"src\")),n=new URL(t.value),c.test(n.protocol))&&n.host===r.host&&l.activeElement===s&&(d.top.location.href=t.value))}},d.addEventListener(\"message\",d.wp.receiveEmbedMessage,!1),l.addEventListener(\"DOMContentLoaded\",function(){for(var e,t,s=l.querySelectorAll(\"iframe.wp-embedded-content\"),r=0;r<s.length;r++)(t=(e=s[r]).getAttribute(\"data-secret\"))||(t=Math.random().toString(36).substring(2,12),e.src+=\"#?secret=\"+t,e.setAttribute(\"data-secret\",t)),e.contentWindow.postMessage({message:\"ready\",secret:t},\"*\")},!1)))}(window,document);\n\/\/# sourceURL=https:\/\/www.nafaxles.com\/wp-includes\/js\/wp-embed.min.js\n\/* ]]> *\/\n<\/script>\n","thumbnail_url":"https:\/\/www.nafaxles.com\/wp-content\/uploads\/2026\/04\/Kantine_Teaser_Fin.jpg","thumbnail_width":750,"thumbnail_height":750,"description":"Nachdem das ehemalige Verwaltungsgeb\u00e4ude Ende 2024 teilabgerissen wurde, ist direkt mit dem Neubau des NAF-Forums begonnen worden. Dieses stellt eine gelungene Kombination aus Sozialgeb\u00e4ude mit Betriebsrestaurant und Kantine auf einer Gesamtnutzungsfl\u00e4che von 1.145 m\u00b2 dar. In der dazugeh\u00f6rigen K\u00fcche k\u00f6nnen nun Gerichte direkt vor Ort frisch zubereitet werden. Das Forum bietet dar\u00fcber hinaus B\u00fcroeinheiten f\u00fcr [&hellip;]"}

Erfolgreiche Teil-Eröffnung des NAF-Forums - NAF – Neunkirchener Achsenfabrik

<blockquote class="wp-embedded-content" data-secret="oBnniQ8xEm"><a href="https://www.nafaxles.com/de/erfolgreiche-teil-eroeffnung-des-naf-forums/">Erfolgreiche Teil-Eröffnung des NAF-Forums</a></blockquote><iframe sandbox="allow-scripts" security="restricted" src="https://www.nafaxles.com/de/erfolgreiche-teil-eroeffnung-des-naf-forums/embed/#?secret=oBnniQ8xEm" width="600" height="338" title="&#8222;Erfolgreiche Teil-Eröffnung des NAF-Forums&#8220; &#8211; NAF – Neunkirchener Achsenfabrik" data-secret="oBnniQ8xEm" frameborder="0" marginwidth="0" marginheight="0" scrolling="no" class="wp-embedded-content"></iframe><script type="text/javascript">
/* <![CDATA[ */
/*! This file is auto-generated */
!function(d,l){"use strict";l.querySelector&&d.addEventListener&&"undefined"!=typeof URL&&(d.wp=d.wp||{},d.wp.receiveEmbedMessage||(d.wp.receiveEmbedMessage=function(e){var t=e.data;if((t||t.secret||t.message||t.value)&&!/[^a-zA-Z0-9]/.test(t.secret)){for(var s,r,n,a=l.querySelectorAll('iframe[data-secret="'+t.secret+'"]'),o=l.querySelectorAll('blockquote[data-secret="'+t.secret+'"]'),c=new RegExp("^https?:$","i"),i=0;i<o.length;i++)o[i].style.display="none";for(i=0;i<a.length;i++)s=a[i],e.source===s.contentWindow&&(s.removeAttribute("style"),"height"===t.message?(1e3<(r=parseInt(t.value,10))?r=1e3:~~r<200&&(r=200),s.height=r):"link"===t.message&&(r=new URL(s.getAttribute("src")),n=new URL(t.value),c.test(n.protocol))&&n.host===r.host&&l.activeElement===s&&(d.top.location.href=t.value))}},d.addEventListener("message",d.wp.receiveEmbedMessage,!1),l.addEventListener("DOMContentLoaded",function(){for(var e,t,s=l.querySelectorAll("iframe.wp-embedded-content"),r=0;r<s.length;r++)(t=(e=s[r]).getAttribute("data-secret"))||(t=Math.random().toString(36).substring(2,12),e.src+="#?secret="+t,e.setAttribute("data-secret",t)),e.contentWindow.postMessage({message:"ready",secret:t},"*")},!1)))}(window,document);
//# sourceURL=https://www.nafaxles.com/wp-includes/js/wp-embed.min.js
/* ]]> */
</script>

Nachdem das ehemalige Verwaltungsgebäude Ende 2024 teilabgerissen wurde, ist direkt mit dem Neubau des NAF-Forums begonnen worden. Dieses stellt eine gelungene Kombination aus Sozialgebäude mit Betriebsrestaurant und Kantine auf einer Gesamtnutzungsfläche von 1.145 m² dar. In der dazugehörigen Küche können nun Gerichte direkt vor Ort frisch zubereitet werden. Das Forum bietet darüber hinaus Büroeinheiten für [&hellip;]
